814. What is t(n)?
56
Let h(p) = -p**3 + 4*p - 8. Let i be h(2). Let g(q) = -6*q**2 - 2*q + 10. Let s(d) = 5*d**2 + d - 10. Let b(m) = -6*g(m) - 7*s(m). Calculate b(i).
34
Let n(c) = c + 1. Suppose y = 1, 3*y + 7 = 5*k + 5*y. Let a be (27/(-12))/(k + 15/(-24)). Determine n(a).
-5
Let g be 10/((-1)/(0 - -1)). Let u(v) = -6903*v - 3*v**2 + 14*v**2 + 1 - 6905*v + v**3 + 13818*v. Calculate u(g).
1
Suppose 3*g - 4*d = 42, 5*d + 328 = -g + 304. Let f(w) be the second derivative of 0 + 0*w**3 - 4*w**2 + 6*w + 1/20*w**5 - 1/2*w**4. Give f(g).
-8
Let s(b) be the third derivative of -1/120*b**6 - 316*b**2 + 1/24*b**4 - 1/60*b**5 + 0 - 5/6*b**3 + 0*b. Let n(k) = k**2 - k. Let u be n(0). Calculate s(u).
-5
Let j(b) = 550*b - 2749. Let y be j(5). Let i(q) = -61*q**3 + q**2 - q. Give i(y).
-61
Let b(x) be the third derivative of x**5/60 + x**4/4 - 4*x**3/3 + 241*x**2 + x. Give b(-7).
-1
Let b = 292 - 296. Let l(a) = 5*a**3 + 14*a**2 - 4*a + 6. Let y(i) = i**3 + i**2 - i + 1. Let s(u) = b*y(u) + l(u). Calculate s(-10).
2
Let v(a) be the second derivative of -a**4/12 - 7*a**3/6 - a**2 - a. Let w(f) = -27*f + 181. Let y be (14/12)/((-7)/(-42)). Let o be w(y). Give v(o).
-10
Suppose y + 8*y - 7*y = 0. Let s(h) be the third derivative of -14*h**2 - 1/4*h**4 - 1/6*h**3 + y*h + 0. What is s(-2)?
11
Let o(q) be the third derivative of 0*q - 3 + 0*q**4 - 1/2*q**3 - 1/60*q**5 - 38*q**2. Give o(-3).
-12
Let q(g) = -2*g**2 + 1. Suppose 0*i = i + 52. Let b = 55 + i. Suppose 0 = -b*h + 5*y - 8, -h + 3*h + y = -1. Determine q(h).
-1
Let t(i) = -i**3 + 6*i**2 - 3*i - 6. Let o be t(5). Let a(l) = 6 - l - 6*l - 7*l + 4*l + 2*l. Determine a(o).
-26
Let b(o) be the third derivative of 0*o**5 - 1/8*o**4 + 1/120*o**6 + 0*o + 0 - 1/3*o**3 + 4*o**2. Let f(d) = -86*d - 4303. Let j be f(-50). Calculate b(j).
-20
Let z(y) = -12*y**2 - y. Suppose 3*b - 21 = -3*f, 4*b = 5*b - f - 1. Suppose -3*u - b*a + 1 = 0, 0 = 5*u - 5*a + 10 - 0. Give z(u).
-11
Let f(v) = -12*v**3 - 71*v**2 + 8*v + 130*v**2 - 64*v**2 + 11*v**3. Suppose 26 = -5*g - o, 0 = -0*g + 5*g + 2*o + 22. Calculate f(g).
-12
Suppose 0 = 46*y + 60*y + 636. Let x(m) = m**3 + 6*m**2 - m + 4. Give x(y).
10
Let t(h) = 3*h - h + 0*h - h - 3. Let z be (-7)/(175/(-10)) - (-122)/(-5). Let p = -28 - z. What is t(p)?
-7
Suppose -5*d + 11 = 3*b - 32, -2*b + 10 = d. Let z = d + -4. Suppose -2*l - 4*k = l - 21, z*l + 3*k = 21. Let o(x) = x**2 - 4*x + 2. Determine o(l).
-1
Let f(s) = -2*s**2 + 43*s - 20. Suppose 0 = -5*d + 7*a + 91, -2*d - 2*a + 11 + 35 = 0. Calculate f(d).
1
Suppose -6*d + 191*d + 64*d = 6723. Let m(j) = -2*j + 37. Determine m(d).
-17
Let y(i) be the second derivative of -i**6/360 + 19*i**5/120 + 7*i**4/4 - 8*i + 1. Let k(r) be the third derivative of y(r). What is k(8)?
3
Let m(p) = 11*p - 1. Suppose -6 = -701*o + 705*o + a, -30 = -4*o + 5*a. Calculate m(o).
-1
Let j(d) = -14*d**2 - 5*d + 4. Let s(p) = -14*p**2 - 6*p + 5. Let t(z) = -6*j(z) + 5*s(z). Suppose -108 = m - 5*m. Let c = 26 - m. Give t(c).
15
Let x be -4 + 2 + 3*460/(-15). Let o = x - -130. Suppose -9*d - o = -5*d. Let f(g) = -g**2 - 10*g - 1. What is f(d)?
8
Let r(v) = -4*v**2 + 8*v - 7. Let h(l) = l**2 - 17*l + 7. Let q(y) = 11*y - 4. Let o(s) = 5*h(s) + 7*q(s). Let u(k) = -2*o(k) - 3*r(k). Calculate u(5).
17
Suppose 8*i + 11*i = -57. Let b(l) = -17*l - 1. Let c(a) = 8*a. Let z(y) = i*b(y) - 7*c(y). Give z(3).
-12
Let h(f) = 13*f**2 - 26*f - 18. Let k(x) = -15*x**2 + 27*x + 21. Let b(n) = -7*h(n) - 6*k(n). Calculate b(19).
19
Suppose 4*k - 96 = -2*x, 2*x = -x - 5*k + 139. Let c be (-180)/14*(-161)/(-46). Let i = x + c. Let y(w) = w**3 + 6*w**2 - 8*w - 8. What is y(i)?
-1
Suppose 3*u = 10 + 2. Let z be (-3)/(-6)*u + 2. Suppose -o + 2*o = z*q + 1, 0 = -o - 4*q + 9. Let x(s) = -s + 1. Calculate x(o).
-4
Let b(f) be the third derivative of -3*f**4/8 + 4*f**3 + 7*f**2 + 138*f + 2. Give b(8).
-48
Let c(g) = g**2 + g + 1. Suppose -57*a + 58*a = f + 3, -4*f = 28. Determine c(a).
13
Let b(l) = l**2 + 32*l - 40. Let x be (-438)/(-803) + 760/(-22). Calculate b(x).
28
Let r = -274 + 355. Let y = 91 - r. Let q(m) = -m**2 + 10*m + 8. What is q(y)?
8
Let o(n) = -75*n - 595. Suppose 371*z = 122*z - 3187 + 1195. Determine o(z).
5
Let v = 157 + -158. Let t(h) = 7*h - 4*h**3 + 249 - 20*h**2 - 4*h - 247 + 20*h**2. Give t(v).
3
Let d(s) = 5*s - 1. Suppose 6*q = -29*q + 156 - 226. Determine d(q).
-11
Let b(n) = 4*n + 0*n**2 + 0*n**3 + n**3 - 8*n**2 + 1. Let q(y) = y**2 + 67*y - 277. Let t be q(-71). Calculate b(t).
-20
Let u(v) = -3*v + 2 - v + 5*v - 2*v**2 + 317*v**3 - 320*v**3. Calculate u(2).
-28
Suppose -223*l = -211*l + 60. Let h(r) = -8*r - 51. Determine h(l).
-11
Let n(p) = 8*p - 15. Let k(l) = l**2 + 57*l - 815. Let u be k(12). Calculate n(u).
89
Let l be 4/6 - (-19)/3. Let h = 195 + -193. Let x(a) = a**2 + h + 11*a - 5*a - 14*a. Determine x(l).
-5
Let m(s) = 258*s - 6 + 3 - 253*s. Suppose -4*k = -16 - 0. Give m(k).
17
Let z(j) = j**3 + j**2 + j - 6. Let o(a) = a**3 + 10*a**2 - 13*a - 22. Let q = 185 - 196. Let p be o(q). What is z(p)?
-6
Let s(w) = -20. Let d(i) = -i - 40. Suppose 5 = 4*k + p - 8, 1 = p. Let n(j) = k*d(j) - 7*s(j). Give n(8).
-4
Let w(z) = -13775 + z**3 - 7*z**2 - 33*z + 13777 + 27*z. What is w(3)?
-52
Let h = 474 + -452. Suppose -2*g = 20 - h. Let s(f) = 6*f**2 + f - 2. Determine s(g).
5
Let c be (5/10)/((-3)/(-12)). Let t(w) = -10 - 67*w**2 - w**3 - 5*w - 6*w + 57*w**c. Calculate t(-9).
8
Let b(j) = j**3 + 5*j**2 + 17*j + 86. Let a be b(-5). Let r(z) = z**3 - 2*z**2 - z + 2. Let p(x) = x**3 - x**2. Let y(c) = a*r(c) - 2*p(c). Determine y(-2).
12
Let b(j) = 19*j - 402. Let m(t) = 2*t**3 + 3*t**2 + 3*t - 13. Let h be m(2). Determine b(h).
-3
Let v = 15 + -31. Let u = 18 + v. Let y(a) = -8*a + 0*a**u - 4*a**2 + 3*a**2 - 4. Give y(-5).
11
Suppose 0 = 6*p - 39 + 15. Suppose -p*c + 3*k = 155, -c + k = -11 + 49. Let m = -36 - c. Let d(r) = -2*r + 7. Give d(m).
-3
Let l(n) = n**3 - 6*n**2 - 15*n - 8. Let f be l(8). Suppose f = -4*s + 6*w - 2*w - 8, 5*s + 4*w - 26 = 0. Let t(x) = -7*x + s + 3*x + 2*x + x. Calculate t(5).
-3
Let d(x) = -22*x**2 + 4*x - 5. Suppose -70*c - 14 = -2*g - 74*c, -3*c + 6 = -3*g. Calculate d(g).
-23
Let u(t) = -2*t**2 - 38*t + 2. Let d be u(-19). Let y(p) = 21*p**2 - 13*p**2 + 11 + 1 + p - 9*p**2 - p**3 - 6*p**d. Give y(-7).
5
Let t(f) = -f - 13. Let m be t(-8). Let i(u) = u**2 - u. Let b(w) = 6*w**2 - 14*w - 9. Let j(q) = b(q) - 7*i(q). Determine j(m).
1
Let g(l) = -23*l**3 + 5*l**2 - 9*l - 146. Let x(t) = 13*t**3 - 3*t**2 + 5*t + 82. Let f(c) = 9*g(c) + 16*x(c). Let r = 5 - 1. Calculate f(r).
10
Let c(a) = a**2 - a - 9. Let q(d) = 33*d - 223. Let r be q(7). Let y be 3/(-12) - ((-58)/r + 3). Give c(y).
3
Suppose 9*n = n + 16. Suppose -10 = n*u, -2*l = -3*l - 4*u - 6. Let d(v) = -16*v - l*v + 37*v - 11*v - 1. Give d(3).
-13
Let k(w) = 4*w**2 - 4*w + 5. Let s be k(-8). Let q = s - 296. Let v(u) = -4*u + 1. Determine v(q).
13
Let n(x) = -39*x**3 + 2*x + 3*x**3 + 17*x**3 + 26 + 12*x**2 + 18*x**3 - 3*x. Determine n(12).
14
Suppose -3*j = -2*h - 18, -1 = -3*h - 5*j + 10. Let w(a) = -86 + 88 - 23*a + 24*a. Determine w(h).
-1
Let d = -11 - -5. Let g(x) = x**3 - 65658 + 3*x - 65669 + 131331 + 6*x**2. Give g(d).
-14
Let t = 52 - 18. Let n = t + -19. Let r be (-8)/20 + 21/n. Let m(h) = 2*h. What is m(r)?
2
Let y be ((-2)/4*0)/(-17 + 15). Suppose -3*r + 3 + y = 0. Let c(b) = 4*b. Calculate c(r).
4
Let i = 6 + -4. Let o(n) = -121*n + 7. Let a(r) = -203*r + 12. Let j(v) = 6*a(v) - 10*o(v). Give j(i).
-14
Let f be 4/(-6)*(4 + -1). Let x(g) = -9*g**2 + 24*g - 29. Let z(p) = 10*p**2 - 30*p + 36. Let w(q) = -5*x(q) - 4*z(q). Give w(f).
21
Let q(c) = -3*c**2 - c - 1. Suppose 3*d + 2*d - 30 = -j, 4*d - 4*j - 24 = 0. Suppose 0 = -d*m + 1 - 13. Let o be -4 - 6/(m/1). Calculate q(o).
-3
Let q(z) = -z**2 - 10*z - 5. Suppose -1072*k + 1009*k + 2772 = 0. Let r be -2 - -4 - (-48 + 0). Let f = k - r. What is q(f)?
19
Let i(c) = 6*c + 100. Let f(x) = -19*x - 301. Let p(q) = 3*f(q) + 8*i(q). Determine p(-11).
-4
Let b(k) = -11*k + 68. Let o(m) = 2*m - 10. Let f(i) = -b(i) - 6*o(i). Suppose -w + 5*n = -3*w - 13, n = -4*w - 17. Calculate f(w).
-4
Let h(j) = 4890*j - 3*j**2 - 9775*j + 4884*j + 2. Determine h(-2).
-8
Let d = -3228 - -5694. Let z(j) = d*j**2 + 53 - 2